
{"id":2,"date":"2014-10-01T13:37:41","date_gmt":"2014-10-01T13:37:41","guid":{"rendered":"https:\/\/mticioqu.expressions.syr.edu\/historyofthespanishlanguage\/?page_id=2"},"modified":"2014-11-03T21:15:44","modified_gmt":"2014-11-03T21:15:44","slug":"sample-page","status":"publish","type":"page","link":"https:\/\/mticioqu.expressions.syr.edu\/historyofthespanishlanguage\/sample-page\/","title":{"rendered":"Evolucion de los sonidos vocalicos"},"content":{"rendered":"<p><strong>\u00a0Confluencias voc\u00e1licas<br \/>\n<\/strong>por Amanda Tamilia y Carolina Vignola<\/p>\n<p>Las vocales <strong>t\u00f3nicas<\/strong> latinas pueden dar <em>siete<\/em> vocales en castellano.\u00a0 Se dice que una vocal est\u00e1 en la posici\u00f3n t\u00f3nica cuando tiene el acento de la palabra.<br \/>\n*Ejemplo: s<strong>i<\/strong>te &gt; s<strong>e<\/strong>d<\/p>\n<p><a href=\"https:\/\/mticioqu.expressions.syr.edu\/historyofthespanishlanguage\/wp-content\/uploads\/sites\/5\/2014\/10\/Untitled1.png\"><img decoding=\"async\" loading=\"lazy\" class=\"alignnone size-medium wp-image-121\" src=\"https:\/\/mticioqu.expressions.syr.edu\/historyofthespanishlanguage\/wp-content\/uploads\/sites\/5\/2014\/10\/Untitled1-146x300.png\" alt=\"Untitled\" width=\"146\" height=\"300\" srcset=\"https:\/\/mticioqu.expressions.syr.edu\/historyofthespanishlanguage\/wp-content\/uploads\/sites\/5\/2014\/10\/Untitled1-146x300.png 146w, https:\/\/mticioqu.expressions.syr.edu\/historyofthespanishlanguage\/wp-content\/uploads\/sites\/5\/2014\/10\/Untitled1.png 157w\" sizes=\"(max-width: 146px) 100vw, 146px\" \/><\/a><\/p>\n<p>La posici\u00f3n <strong>\u00e1tona<\/strong> es cuando no tiene acento. Las vocales \u00e1tonas latinas\u00a0 dan lugar a <em>cinco<\/em> posibilidades en castellano.<br \/>\n*Ejemplo: posici\u00f3n inicial&#8211; s<strong>u<\/strong>specta &gt; s<strong>o<\/strong>specha<br \/>\nposici\u00f3n final&#8211; Iov<strong>i<\/strong>s &gt; juev<strong>e<\/strong>s<br \/>\n<a href=\"https:\/\/mticioqu.expressions.syr.edu\/historyofthespanishlanguage\/wp-content\/uploads\/sites\/5\/2014\/10\/Untitled-2.png\"><img decoding=\"async\" loading=\"lazy\" class=\"alignnone size-medium wp-image-124\" src=\"https:\/\/mticioqu.expressions.syr.edu\/historyofthespanishlanguage\/wp-content\/uploads\/sites\/5\/2014\/10\/Untitled-2-127x300.png\" alt=\"Untitled 2\" width=\"127\" height=\"300\" srcset=\"https:\/\/mticioqu.expressions.syr.edu\/historyofthespanishlanguage\/wp-content\/uploads\/sites\/5\/2014\/10\/Untitled-2-127x300.png 127w, https:\/\/mticioqu.expressions.syr.edu\/historyofthespanishlanguage\/wp-content\/uploads\/sites\/5\/2014\/10\/Untitled-2.png 134w\" sizes=\"(max-width: 127px) 100vw, 127px\" \/><\/a><\/p>\n<p><b>P\u00e9rdida de vocales intert\u00f3nicas<br \/>\n<\/b><span style=\"color: #c0c0c0\"><em>por\u00a0Emily Poccia y Crystal Tang<\/em><\/span><\/p>\n<p>Las\u00a0intert\u00f3nicas\u00a0se reducen a\u00a0tres\u00a0posibilidades. \u00a0A las vocales \/a\/, \/e\/ y \/o\/, pero cuando entran en contacto con las consonantes \/r\/, \/l\/, \/n\/ o \/s\/ se pierden o se omiten las vocales. \u00a0Se dice que esta p\u00e9rdida se produjo porque el lat\u00edn ten\u00eda un fuerte acento espiratorio, que caus\u00f3 una diferencia significativa entre la vocal \u00e1tona o t\u00f3nica. \u00a0Las vocales tensionadas se producen m\u00e1s largas, y m\u00e1s cortas las vocales d\u00e9biles. \u00a0 es intert\u00f3nica cuando no hay en la posici\u00f3n del estr\u00e9s pero es entre dos consonantes. \u00a0Cuando una vocal est\u00e1 contacto con los fonemas \/n\/, \/s\/, \/r\/ y \/l\/ se elimina el vocales intert\u00f3nicas. \u00a0Esto puede ser causado por la \u00a0coarticulaci\u00f3n y sucede en muchas otras lenguas, como en ingl\u00e9s.<\/p>\n<address><span style=\"color: #999999\">*Ejemplo de la p\u00e9rdida de vocales intert\u00f3nicas: comparare &gt; comperare &gt; comprar<\/span><\/address>\n<p><strong>P\u00e9rdida de la [e] final<\/strong><\/p>\n<p>&#8211;\u00a0\u00a0\u00a0\u00a0\u00a0\u00a0 la [e] final se pierde despu\u00e9s de las consonantes simples como la \u00a0(t, d, n, l, r, s, c)<\/p>\n<p>virtute &gt; virtud\u00a0\u00a0\u00a0\u00a0\u00a0\u00a0\u00a0 mercede &gt; merced\u00a0\u00a0\u00a0\u00a0\u00a0\u00a0 fine &gt; fin\u00a0\u00a0\u00a0\u00a0\u00a0\u00a0\u00a0\u00a0\u00a0 fidele &gt; fiel<\/p>\n<p>movere &gt; mover\u00a0\u00a0\u00a0\u00a0\u00a0 mense &gt; mes\u00a0\u00a0\u00a0\u00a0\u00a0\u00a0\u00a0\u00a0\u00a0\u00a0\u00a0\u00a0\u00a0\u00a0\u00a0\u00a0\u00a0 luce &gt; luz<\/p>\n<p>&nbsp;<\/p>\n<p>&#8211;\u00a0\u00a0\u00a0\u00a0\u00a0\u00a0 la [e] final se mantiene despu\u00e9s de grupos conson\u00e1nticos finales.<\/p>\n<p>parte &gt; parte \u00a0 \u00a0viride &gt; verde\u00a0\u00a0\u00a0 \u00a0\u00a0\u00a0\u00a0\u00a0\u00a0\u00a0comite &gt; conde \u00a0 \u00a0 famine &gt; hambre<\/p>\n<p>dente &gt; diente \u00a0 \u00a0 \u00a0l\u016bmine &gt; lumbre \u00a0 \u00a0 \u00a0 \u00a0romanic\u0113&gt; romance<\/p>\n<p>&nbsp;<\/p>\n<p>&nbsp;<\/p>\n<p><strong>Diptongaci\u00f3n de [<img decoding=\"async\" loading=\"lazy\" id=\"irc_mi\" style=\"margin-top: 0px\" src=\"http:\/\/upload.wikimedia.org\/wikipedia\/commons\/a\/a0\/Greek_lc_epsilon.svg\" alt=\"\" width=\"25\" height=\"25\" \/>] y [ <img decoding=\"async\" loading=\"lazy\" id=\"irc_mi\" style=\"margin-top: 0px\" src=\"http:\/\/upload.wikimedia.org\/wikipedia\/en\/thumb\/e\/e2\/Open-mid_back_rounded_vowel_%28vector%29.svg\/400px-Open-mid_back_rounded_vowel_%28vector%29.svg.png\" alt=\"\" width=\"30\" height=\"30\" \/>]<\/strong><\/p>\n<p>La diptongaci\u00f3n se sit\u00faa entre de la tendencia de pronunciar las consonantes m\u00e1s fuertes y la tendencia a la lenici\u00f3n. Entonces, la diptongaci\u00f3n sucede entre dos fen\u00f3menos lingu\u00edsticos. La estructura de los diptongos es m\u00e1s libre en castellano que en otras lenguas romances, como en italiano o en franc\u00e9s.<\/p>\n<p>Un diptongo occure cuando hay una vocal d\u00e9bil junto a una vocal fuerte. Los diptongos que se crean del lat\u00edn al castellano son [ue] e [ie]. Esa yuxtaposici\u00f3n entre las vocales d\u00e9biles y fuertes crea una vocal media abierta y pone m\u00e1s esfuerzo en la segunda vocal.<\/p>\n<p>En muchos casos, la s\u00edlaba que lleva la dpitongaci\u00f3n es la s\u00edlaba t\u00f3nica. Como se puede ver en las palabras siguientes:<\/p>\n<ul>\n<li>Probant &gt; pr[ <img decoding=\"async\" loading=\"lazy\" id=\"irc_mi\" style=\"margin-top: 0px\" src=\"http:\/\/upload.wikimedia.org\/wikipedia\/en\/thumb\/e\/e2\/Open-mid_back_rounded_vowel_%28vector%29.svg\/400px-Open-mid_back_rounded_vowel_%28vector%29.svg.png\" alt=\"\" width=\"30\" height=\"30\" \/>]ban[t] &gt; prueban<\/li>\n<li>ossu &gt; [<img decoding=\"async\" loading=\"lazy\" id=\"irc_mi\" style=\"margin-top: 0px\" src=\"http:\/\/upload.wikimedia.org\/wikipedia\/en\/thumb\/e\/e2\/Open-mid_back_rounded_vowel_%28vector%29.svg\/400px-Open-mid_back_rounded_vowel_%28vector%29.svg.png\" alt=\"\" width=\"30\" height=\"30\" \/>]ssu &gt; uessu &gt; hue[ss]u &gt; huesu &gt; hueso<\/li>\n<li>Septem &gt; S[<img decoding=\"async\" loading=\"lazy\" id=\"irc_mi\" style=\"margin-top: 0px\" src=\"http:\/\/upload.wikimedia.org\/wikipedia\/commons\/a\/a0\/Greek_lc_epsilon.svg\" alt=\"\" width=\"25\" height=\"25\" \/>]pte[m] &gt; siepte &gt; siette &gt; siete<\/li>\n<\/ul>\n","protected":false},"excerpt":{"rendered":"<p>\u00a0Confluencias voc\u00e1licas por Amanda Tamilia y Carolina Vignola Las vocales t\u00f3nicas latinas pueden dar siete vocales en castellano.\u00a0 Se dice que una vocal est\u00e1 en la posici\u00f3n t\u00f3nica cuando tiene el acento de la palabra. *Ejemplo: site &gt; sed La posici\u00f3n \u00e1tona es cuando no tiene acento. Las vocales \u00e1tonas latinas\u00a0 dan lugar a cinco &hellip; <a href=\"https:\/\/mticioqu.expressions.syr.edu\/historyofthespanishlanguage\/sample-page\/\" class=\"more-link\">Continue reading <span class=\"screen-reader-text\">Evolucion de los sonidos vocalicos<\/span> <span class=\"meta-nav\">&rarr;<\/span><\/a><\/p>\n","protected":false},"author":1,"featured_media":0,"parent":0,"menu_order":0,"comment_status":"open","ping_status":"closed","template":"","meta":[],"_links":{"self":[{"href":"https:\/\/mticioqu.expressions.syr.edu\/historyofthespanishlanguage\/wp-json\/wp\/v2\/pages\/2"}],"collection":[{"href":"https:\/\/mticioqu.expressions.syr.edu\/historyofthespanishlanguage\/wp-json\/wp\/v2\/pages"}],"about":[{"href":"https:\/\/mticioqu.expressions.syr.edu\/historyofthespanishlanguage\/wp-json\/wp\/v2\/types\/page"}],"author":[{"embeddable":true,"href":"https:\/\/mticioqu.expressions.syr.edu\/historyofthespanishlanguage\/wp-json\/wp\/v2\/users\/1"}],"replies":[{"embeddable":true,"href":"https:\/\/mticioqu.expressions.syr.edu\/historyofthespanishlanguage\/wp-json\/wp\/v2\/comments?post=2"}],"version-history":[{"count":18,"href":"https:\/\/mticioqu.expressions.syr.edu\/historyofthespanishlanguage\/wp-json\/wp\/v2\/pages\/2\/revisions"}],"predecessor-version":[{"id":192,"href":"https:\/\/mticioqu.expressions.syr.edu\/historyofthespanishlanguage\/wp-json\/wp\/v2\/pages\/2\/revisions\/192"}],"wp:attachment":[{"href":"https:\/\/mticioqu.expressions.syr.edu\/historyofthespanishlanguage\/wp-json\/wp\/v2\/media?parent=2"}],"curies":[{"name":"wp","href":"https:\/\/api.w.org\/{rel}","templated":true}]}}