
{"id":220,"date":"2015-07-14T15:03:01","date_gmt":"2015-07-14T15:03:01","guid":{"rendered":"https:\/\/mticioqu.expressions.syr.edu\/historyofthespanishlanguage\/?page_id=220"},"modified":"2015-07-14T15:03:01","modified_gmt":"2015-07-14T15:03:01","slug":"el-lexico","status":"publish","type":"page","link":"https:\/\/mticioqu.expressions.syr.edu\/historyofthespanishlanguage\/el-lexico\/","title":{"rendered":"EL LEXICO"},"content":{"rendered":"<p>Introducci\u00f3n:<\/p>\n<p>Tres maneras en como las palabras han integrado a formar parte del vocabulario Espa\u00f1ol:<\/p>\n<p><strong>Palabras Patrimoniales:<\/strong> Palabras que son parte del lat\u00edn hablado y se han mantenido en forma original hasta hoy<\/p>\n<ul>\n<li>\u201cpalabras primitivas\u201d que siempre han existido<\/li>\n<li>Leche, aire, comida<\/li>\n<\/ul>\n<ol start=\"2\">\n<li><strong>Pr\u00e9stamos:<\/strong> Palabras tomadas de otras lenguas<\/li>\n<\/ol>\n<ul>\n<li>Hay muchas con ra\u00edces griegas por ejemplo\u00e0 Agro: Agricultura<\/li>\n<\/ul>\n<ol start=\"3\">\n<li>Palabras que se han creado mediante los recursos internos de la lengua<\/li>\n<\/ol>\n<p>-Esto pasa cuando no hay una palabra para una cosa nueva \u00e0 Usualmente causado por tecnolog\u00eda<br \/>\n-Productos de los procedimientos de formaci\u00f3n de palabras &#8211;<strong>Derivaciones<\/strong> \u00e0 Palabras que han a\u00f1adido un elemento al final y <strong>Composiciones<\/strong>\u00e0palabras creadas por dos o mas ra\u00edces<br \/>\n-Productos causados por cambios sem\u00e1nticos que ha cambiado el significado una palabra \u00e0 muy com\u00fan con las diferencias en acentos<\/p>\n<p><a href=\"http:\/\/www.livingspanish.com\/Lexico-composicion-derivacion-I.htm\">http:\/\/www.livingspanish.com\/Lexico-composicion-derivacion-I.htm<\/a><\/p>\n<p>&nbsp;<\/p>\n<p><strong>Dobletes Etimol\u00f3gicos<\/strong> \u2013 un fen\u00f3meno en que dos palabras tienen el mismo origen. Una palabra latina se transmite dos veces al romance, resultando en una palabra patrimonial, y otra palabra culta.<\/p>\n<ul>\n<li><em>La patrimonial<\/em> \u2013 tiene significado m\u00e1s concreto, desde la origen de la lengua.<\/li>\n<li><em>La culta<\/em> \u2013 tiene significado m\u00e1s abstracto; no lleva los cambios fon\u00e9ticos normales<\/li>\n<\/ul>\n<p>Ejemplos:<\/p>\n<table>\n<tbody>\n<tr>\n<td><strong>PALABRA LATINA<\/strong><\/td>\n<td><strong>RESULTADO PATRIMONIAL<\/strong><\/td>\n<td><strong>RESULTADO CULTO<\/strong><\/td>\n<\/tr>\n<tr>\n<td>Articulus<\/td>\n<td>Artejo<\/td>\n<td>Articulo<\/td>\n<\/tr>\n<tr>\n<td>Calidus<\/td>\n<td>Caldo<\/td>\n<td>C\u00e1lido<\/td>\n<\/tr>\n<tr>\n<td>Collocare<\/td>\n<td>Colgar<\/td>\n<td>Colocar<\/td>\n<\/tr>\n<tr>\n<td>Legalis<\/td>\n<td>Leal<\/td>\n<td>Legal<\/td>\n<\/tr>\n<tr>\n<td>Operari<\/td>\n<td>Obrar<\/td>\n<td>Operar<\/td>\n<\/tr>\n<tr>\n<td>Strictus<\/td>\n<td>Estrecho<\/td>\n<td>Estricto<\/td>\n<\/tr>\n<tr>\n<td>Litigare<\/td>\n<td>Lidiar<\/td>\n<td>Litigar<\/td>\n<\/tr>\n<\/tbody>\n<\/table>\n<p>&nbsp;<\/p>\n<p>Continuaci\u00f3n de Pr\u00e9stamos (Michelle C\u00e1ceres_<\/p>\n<p>Hay muchas lenguas extranjeras que han contribuido pr\u00e9stamos al l\u00e9xico espa\u00f1ol de diferentes cantidades y en diversos campos sem\u00e1nticos. Las contribuciones vienen por pueblos directamente de la Pen\u00ednsula Ib\u00e9rica, como los celtas, vascos, visigodos, musulmanes y moz\u00e1rabes. Tambi\u00e9n hay influencia de los pr\u00e9stamos portugueses y catalanes. Los nombres de objetos, plantas y animales en Espa\u00f1a viene de las lenguas amerindias y tambi\u00e9n no hay que olvidar los pr\u00e9stamos tomados de lenguas africanos importados a Am\u00e9rica. Hay una gran importancia de la cultura que se comunica primordialmente por via escrita.<\/p>\n<p>&nbsp;<\/p>\n<p>Evoluci\u00f3n morfol\u00f3gica:<\/p>\n<p><em>Resultado patrimonial<\/em><\/p>\n<p>articulus &gt; articlus &gt; arteclo &gt; artejo<\/p>\n<p><strong>\u00a0\u00a0\u00a0\u00a0\u00a0\u00a0\u00a0\u00a0\u00a0\u00a0\u00a0 <\/strong>u &gt; \u00f8 <em>perdida la primera \u201cu\u201d porque es intert\u00f3nica<\/em><\/p>\n<p>i &gt; e <em>t\u00f3nica <\/em><\/p>\n<p>us &gt; o <em>diptongaci\u00f3n<\/em><\/p>\n<p>cl &gt; j <em>palatalizaci\u00f3n <\/em><\/p>\n<p><em>Resultado culto<\/em><\/p>\n<p>articulus &gt; articulo<\/p>\n<p>us &gt; o <em>cambia porque no sigue la estructura t\u00edpica de la lengua<\/em><\/p>\n<p>Ejemplo en ingl\u00e9s:<\/p>\n<p>frail, fragile (desde la palabra latina, <em>fragilis<\/em>)<\/p>\n<p>Aunque las palabras vienen de la misma palabra latina, no pueden usarlas de manera intercambiable. Usemos el ejemplo arriba:<\/p>\n<p>Se puede decir: \u201cMy grandmother is frail,\u201d o \u201cthat plate is fragile.\u201d Pero, por las diferencias sutiles entre los significados, no se puede decir el opuesto: \u201cMy grandmother is fragile,\u201d o \u201cthat plate is frail.\u201d<\/p>\n<p>En otro ejemplo m\u00e1s arriba, tenemos las palabras <em>lidiar <\/em>y <em>litigar<\/em>, que vienen de la latina <em>litigare<\/em>. Vemos el mismo concepto con estas palabras. Los dos significan un tipo de lucha, pero no se puede usarlas en el mismo contexto. Lidiar implica una lucha m\u00e1s f\u00edsica, mientras litigar implica una lucha legal. Por eso, no dir\u00eda \u201cLitigamos con el ej\u00e9rcito enemigo.\u201d ni \u201cLidi\u00e9 para custodia de mi hijo,\u201d sino \u201cLidiamos con el ej\u00e9rcito enemigo,\u201d y \u201cLitigu\u00e9 para custodia de mi hijo.\u201d<\/p>\n<hr \/>\n<p>&nbsp;<\/p>\n<p style=\"text-align: center;\"><strong>Palabras creadas mediante los recuerdos internos de la lengua<\/strong><br \/>\nCathleen O\u2019Hare<\/p>\n<p>Usualmente, cuando estudia la formaci\u00f3n de palabras, solamente piensa sobre <strong>la derivaci\u00f3n<\/strong> (uso de prefijos y sufijos) y <strong>la<\/strong>\u00a0<strong>composici\u00f3n<\/strong> (procedimiento de acu\u00f1ar palabras nuevos que combinan otras palabras que ya existen). Pero tambi\u00e9n, hay otros procesos formativos que son importantes:<br \/>\n&#8211;<strong>las siglas<\/strong>: usan la primera letra de las palabras para formar una abreviaci\u00f3n<br \/>\nPor ejemplo: Universidad Nacional Aut\u00f3noma de Mexico = UNAM; Fondo Monetario Internacional = FMI<br \/>\n&#8211;<strong>el acortamiento<\/strong>: la reducci\u00f3n de las palabras para la simplificaci\u00f3n de pronunciar<br \/>\nPor ejemplo: <em>Profe<\/em> por Profesor; <em>Cole<\/em> por Colegio<br \/>\n&#8211;<strong>el cruce<\/strong>: la mezcla intencional de dos palabras para formar un nuevo<br \/>\nPor ejemplo: <em>analfabeto<\/em> + <em>bestia<\/em> = <em>analfabestia<\/em><br \/>\nOtros factores que determinan las plantillas de los nuevos vocablos:<br \/>\n&#8211;<strong>la reduplicaci\u00f3n<\/strong>: como <em>bullebulle<\/em> = una persona inquieta; <em>lame-lame<\/em> = adulador<br \/>\n&#8211;<strong>la reduplicaci\u00f3n apof\u00f3nica<\/strong>: como <em>rifirrafe<\/em> = contienda ligera; <em>\u00f1ique\u00f1aque<\/em> = cosa depreciable<br \/>\n&#8211;<strong>la onomatopeya<\/strong>: imitaci\u00f3n de los sonidos, como <em>quiquiriqu\u00ed, tintirint\u00edn, tuturuv\u00eda, y mamarrami\u00e1u<\/em><\/p>\n<p style=\"text-align: center;\"><strong>Los Sufijos<\/strong><\/p>\n<p style=\"text-align: center;\">Liz Pruchnicki<\/p>\n<p style=\"text-align: left;\">Como los prefijos, es muy dif\u00edcil reconocer cuantos sufijos existen en castellano.<br \/>\nHay los sufijos patrimoniales<\/p>\n<ul>\n<li>hall-azgo<\/li>\n<li>diner-al<\/li>\n<li>roj-izo<\/li>\n<li>fall-ecerLos sufijos cultos latinos<\/li>\n<li>lider-ato<\/li>\n<li>gris-\u00e1ceo<\/li>\n<li>port-\u00e1til<\/li>\n<li>sufijos cultos hel\u00e9nicos<\/li>\n<li>alcald-\u00eda<\/li>\n<li>inc-aico<\/li>\n<li>polic-\u00edaco<\/li>\n<\/ul>\n<p>Hay una diferencia entre un sufijo y una palabra compuesta-latina<\/p>\n<ul>\n<li>luc\u00ed-fugo<\/li>\n<li>magn\u00ed-fico<\/li>\n<li>capr\u00ed-pedoO una palabra con componentes de compuestas griegas<\/li>\n<li>antrop\u00f3-fago<\/li>\n<li>psiqu-iatra<\/li>\n<li>tele-scopioLos sufijos pueden cambiar el uso de la palabra, si es una adjetivo, adverbio, o nombre. Adem\u00e1s, los sufijos son usados para indicar :<\/li>\n<li>disposici\u00f3n: mujer-iego; brom-ista<\/li>\n<li>actividad caracter\u00edstica: payas-ada; ni\u00f1er-\u00eda<\/li>\n<li>intensidad: alt-\u00edsimo; gord-ote<\/li>\n<li>semejanza: sanchopan-cesco; sufij-oide<\/li>\n<li>peque\u00f1ez: mes-ita; avion-eta<\/li>\n<li>posibilidad pasiva: document-able; labrant-\u00edo<\/li>\n<li>nombre de acci\u00f3n: hidrata-ci\u00f3n; funciona-miento<\/li>\n<li>nombre de agente: sirvi-ente; boxea-dorHay tres categor\u00edas generales de compuestos en espa\u00f1ol. El primer grupo tiene todos los compuestos binomios. Este tipo de compuesta tiene dos palabras iguales. La segunda categor\u00eda de palabras compuestas es la categor\u00eda de los endoc\u00e9ntricos. En los\u00a0 casos con compuestos endoc\u00e9ntricos, uno componente, \u201cla cabeza\u201d tiene m\u00e1s importancia que el otro. Los compuestos exocentricos son el opuesto de los endoc\u00e9ntricos\u2014\u00a0la segunda componente tiene la importancia.<\/li>\n<\/ul>\n<p style=\"text-align: center;\"><strong>\u00a0El cambio semantico<\/strong><\/p>\n<p style=\"text-align: center;\">Arielle Steinberg y Sydney Shatsky<\/p>\n<p>Si puede definir signo ling\u00fc\u00edstico como la variante de un significante y un significado, tiene sentido que la sustituci\u00f3n de un significado de otro nuevo, a la adici\u00f3n de otro nuevo, insin\u00faa la procedencia de un nuevo complejo significante o significado. Este proceso no incluye parte de la formaci\u00f3n de palabras habladas.<\/p>\n<p>Las cadenas de asociaciones que residen entre los significados de una lengua, causan los cambios de significado. Hay dos procesos asociativos:<\/p>\n<ul>\n<li>una relaci\u00f3n considerada en la similitud de dos significados<\/li>\n<li>el consorcio basada en la contig\u00fcidad de dos significados<\/li>\n<\/ul>\n<p>Una met\u00e1fora es un cambio pos asociaci\u00f3n de semejanza. Algunos ejemplos son:<\/p>\n<ul>\n<li><em>ara\u00f1a<\/em> \u2018ar\u00e1cnido\u2019 = \u2018especie de candelabro\u2019<\/li>\n<li><em>dinamita <\/em>\u2018sustancia explosiva\u2019 = \u2018cosa a persona explosiva\u2019<\/li>\n<li><em>falda <\/em>\u2018prenda de vestir\u2019 = \u2018parte baja de un monte\u2019<\/li>\n<li><em>red <\/em>\u2018tejido de mallas\u2019 = \u2018conjunto organizado de elementos que se entrecruzan\u2019<\/li>\n<li><em>tarjeta <\/em>\u2018cartulina peque\u00f1a\u2019 = \u2018dispositivo de ordenador\u2019<\/li>\n<li><em>vaso <\/em>\u2018vasija de vidrio\u2019 = \u2018conducto circulatorio\u2019<\/li>\n<\/ul>\n<p>El cambio de la asociaci\u00f3n por contig\u00fcidad, a menudo llamado la metonimia, se basa en contextos compartidos en lugar de caracter\u00edsticas compartidas. Por ejemplo, una pluma es una pluma de un p\u00e1jaro que se utiliza tambi\u00e9n como un instrumento de escritura. La nueva palabra viene meton\u00edmicamente, y significa, literalmente, una pluma que escribe con tinta.<\/p>\n<p><strong>Por ejemplo:<\/strong><\/p>\n<p>Sopa \u2018plato compuesto de caldo y pasta\u2019 \u00e0 \u2018trozo de pan que se moja en un liquido\u2019 (por la costumbre de comer pan y sopa juntos)<\/p>\n<p>Corona \u2018adorno en forma de aro\u2019 \u00e0 \u2018dignidad real\u2019 (por la practica de llevar coronas los reyes)<\/p>\n<p>Autoridad \u2018poder legal\u2019 \u00e0 \u2018persona que tiene poder legal (por residir el poder en la persona)<\/p>\n<p>Camello \u2018mamifero camelido\u2019 \u00e0 \u2018color beige tostado\u2019 (por el color natural de los camellos)<\/p>\n<p>Cambio \u2018acci\u00f3n de cambiar\u2019 \u00e0 \u2018dispositivo de autom\u00f3vil\u2019 (porque se usa para cambiar de marcha)<\/p>\n<p>Otras cosas pueden ser el resultado de cambios sem\u00e1nticos tambi\u00e9n. Por ejemplo, puede haber cambios ling\u00fc\u00edsticos. La palabra sofisticada adquiri\u00f3 su contexto a trav\u00e9s de sus afines Ingl\u00e9s. En otros casos, la causa suele ser social. Por ejemplo, ya que el lenguaje quiere evitar malas palabras, la palabra pre\u00f1ada, que se utiliza para significar embarazada, pero tambi\u00e9n molesto o molesta, se evita debido a su contexto. El cambio tambi\u00e9n puede ser hist\u00f3rica, como cuando coche, originariamente &#8216;carruje de cuatro ruedas&#8217;, cambia a autom\u00f3vil.<\/p>\n<p style=\"text-align: center;\"><strong>Las Etapas del L\u00e9xico Espa\u00f1ol<\/strong><br \/>\nAmanda Tamilia<\/p>\n<p>La lengua cambia constantemente porque tiene que adaptar al estilo de vida actual. Por ejemplo el espa\u00f1ol americano tiene que explicar partes de la vida americana y por eso tiene que las palabras que los permitir\u00e1n describir. Otros ejemplos o circunstancias es cuando durante el Renacimiento el l\u00e9xico cambia porque hay la introducci\u00f3n de miles de cultismos tanto latinos como hel\u00e9nicos. Cuando hab\u00eda los avances de medicina y tecnolog\u00eda, fue necesario que inventar nuevas palabras como anorexia, desfibrilar, web, y megabyte.<\/p>\n<p>El espa\u00f1ol que conocemos y usamos es el producto de muchos cambios que evolucionaba de la Pen\u00ednsula Ib\u00e9rica, el origen. La lengua espa\u00f1ola fue influyendo de <em>griego, lat\u00edn, visigodos, los \u00e1rabes, y el hebreo<\/em>.<\/p>\n<ul>\n<li>Ejemplos de palabras que tiene origen <em>griego<\/em> son binomio y dilema.<\/li>\n<li><em>El lat\u00edn<\/em> es la base de la lenguaje y hay transformaciones desde entonces\n<ul>\n<li>Ejemplos: caballo y carro.<\/li>\n<\/ul>\n<\/li>\n<li><em>Los visigodos<\/em> que es una tribu germ\u00e1nica que invadi\u00f3 la Pen\u00ednsula Ib\u00e9rica tiene una influencia de la lengua.\n<ul>\n<li>Ejemplos: yelmo y dardo.<\/li>\n<\/ul>\n<\/li>\n<li><em>Los \u00c1rabes<\/em> invadieron a la Pen\u00ednsula y reinaron por ocho siglos. Claramente esta actuaci\u00f3n afectaba a la lengua.\n<ul>\n<li>Ejemplos: azul y alfombra<\/li>\n<\/ul>\n<\/li>\n<li>Durante la actuaci\u00f3n de los \u00e1rabes, el religi\u00f3n <em>hebreo<\/em> fue aceptado a la vida espa\u00f1ol.\n<ul>\n<li>Ejemplos: amen y hosanna<\/li>\n<\/ul>\n<\/li>\n<\/ul>\n","protected":false},"excerpt":{"rendered":"<p>Introducci\u00f3n: Tres maneras en como las palabras han integrado a formar parte del vocabulario Espa\u00f1ol: Palabras Patrimoniales: Palabras que son parte del lat\u00edn hablado y se han mantenido en forma original hasta hoy \u201cpalabras primitivas\u201d que siempre han existido Leche, aire, comida Pr\u00e9stamos: Palabras tomadas de otras lenguas Hay muchas con ra\u00edces griegas por ejemplo\u00e0 &hellip; <a href=\"https:\/\/mticioqu.expressions.syr.edu\/historyofthespanishlanguage\/el-lexico\/\" class=\"more-link\">Continue reading <span class=\"screen-reader-text\">EL LEXICO<\/span> <span class=\"meta-nav\">&rarr;<\/span><\/a><\/p>\n","protected":false},"author":1,"featured_media":0,"parent":0,"menu_order":0,"comment_status":"open","ping_status":"open","template":"","meta":[],"_links":{"self":[{"href":"https:\/\/mticioqu.expressions.syr.edu\/historyofthespanishlanguage\/wp-json\/wp\/v2\/pages\/220"}],"collection":[{"href":"https:\/\/mticioqu.expressions.syr.edu\/historyofthespanishlanguage\/wp-json\/wp\/v2\/pages"}],"about":[{"href":"https:\/\/mticioqu.expressions.syr.edu\/historyofthespanishlanguage\/wp-json\/wp\/v2\/types\/page"}],"author":[{"embeddable":true,"href":"https:\/\/mticioqu.expressions.syr.edu\/historyofthespanishlanguage\/wp-json\/wp\/v2\/users\/1"}],"replies":[{"embeddable":true,"href":"https:\/\/mticioqu.expressions.syr.edu\/historyofthespanishlanguage\/wp-json\/wp\/v2\/comments?post=220"}],"version-history":[{"count":18,"href":"https:\/\/mticioqu.expressions.syr.edu\/historyofthespanishlanguage\/wp-json\/wp\/v2\/pages\/220\/revisions"}],"predecessor-version":[{"id":287,"href":"https:\/\/mticioqu.expressions.syr.edu\/historyofthespanishlanguage\/wp-json\/wp\/v2\/pages\/220\/revisions\/287"}],"wp:attachment":[{"href":"https:\/\/mticioqu.expressions.syr.edu\/historyofthespanishlanguage\/wp-json\/wp\/v2\/media?parent=220"}],"curies":[{"name":"wp","href":"https:\/\/api.w.org\/{rel}","templated":true}]}}