
{"id":39,"date":"2013-12-06T15:54:37","date_gmt":"2013-12-06T15:54:37","guid":{"rendered":"https:\/\/mticioqu.expressions.syr.edu\/spanish439display\/?page_id=39"},"modified":"2013-12-06T16:32:13","modified_gmt":"2013-12-06T16:32:13","slug":"sunghwan-kim","status":"publish","type":"page","link":"https:\/\/mticioqu.expressions.syr.edu\/spanish439display\/sunghwan-kim\/","title":{"rendered":"Sunghwan Kim"},"content":{"rendered":"<p>Hola, me llamo Sunghwan Kim y soy un senior a la Universidad de Siracusa estudiando los negocios de deportes y espa\u00f1ol. Yo tomo la clase de SPA 439 porque quiero aplicar mi habilidad de hablar espa\u00f1ol para saber m\u00e1s de la comunidad y ayudar a la gente que necesita. Ya tom\u00e9 otras clases de SPA en la universidad de literatura, gram\u00e1tica, etc. pero en lugar de estas tipas de aprendido, yo pienso que ser\u00eda mejor si yo uso la idioma en la\u00a0vida real a fuera de la sala de la clase.<\/p>\n<p>Debajo son los enlaces del proyecto que trabajaba durante mi experiencia a La Liga. Hay un programa, se llama &#8220;Hobbies 2 Cash&#8221; cual promueve a las \u00a0mujeres para trabajar y ganar un poco m\u00e1s dinero. Muchas de ellas no hablan ingles, no recib\u00edan una educaci\u00f3n, ni tienen habilidades de computadora. Los cuatro pasos y seminarios del programa son:<\/p>\n<p>\u2022 Semana 1 (17 de Oct.) 1:00pm- 2:00pm: La B\u00fasqueda de Su Talento<\/p>\n<p>\u2022 Semana 2 (31 de Oct.) 1:00pm- 2:00pm: Como Mi Talento Me Puede Hacer Dinero<\/p>\n<p>\u2022 Semana 3 (14 de Nov.) 1:00pm- 2:00pm: Entradas y Salidas de Servicio al Cliente<\/p>\n<p>\u2022 Semana 4 (21 de Nov.) 1:00pm- 2:00pm: Mercadeo<\/p>\n<p>Supus\u00e9 presentar de mercadeo, pero porque hay un conflicto de mi horario, no pude presentar, as\u00ed mi jefe, Claudia, present\u00f3. Habl\u00e9 mucho con ella para que entienda toda la informaci\u00f3n que puse en los diapositivas de PowerPoint as\u00ed puede presentarlo.<\/p>\n<p><a href=\"https:\/\/mticioqu.expressions.syr.edu\/spanish439display\/wp-content\/uploads\/sites\/4\/2013\/12\/Marketing-Final.pdf\">Marketing-Final, Sunghwan<\/a> <a href=\"https:\/\/mticioqu.expressions.syr.edu\/spanish439display\/wp-content\/uploads\/sites\/4\/2013\/12\/Marketing-Spanish-Final.pdf\">Marketing-Spanish Final, Sunghwan<\/a><\/p>\n<p>Tambi\u00e9n aqui es un resumen de mi experiencia.<\/p>\n<p><a href=\"https:\/\/mticioqu.expressions.syr.edu\/spanish439display\/wp-content\/uploads\/sites\/4\/2013\/12\/La-Liga.pdf\">La Liga, Sunghwan<\/a><\/p>\n<p>Un fragmento de mi blog:<\/p>\n<p>&#8220;Recientemente, la \u00fanica cosa que he hecho durante mi internship en La Liga es trabajar con el presentaci\u00f3n de Marketing para el programa Hobbies 2 Cash. Cuando empec\u00e9, mi t\u00edtulo fue \u201cMarketing Specialist\u201d as\u00ed yo pens\u00e9 que yo voy a promover y marcear la agencia a la comunidad y los negocios. En realidad, no pod\u00eda hacer ningunos de los objetivos que eran escritos en la aplicaci\u00f3n. Me gustaba cuando yo trabaje con Claudia, mi jefe y con la gente que necesita ayuda y recursos para sus carreras, pero no hab\u00eda muchas oportunidades despu\u00e9s yo reun\u00ed con Pepe.&#8221;<span style=\"line-height: 1.5\">\u00a0<\/span><\/p>\n","protected":false},"excerpt":{"rendered":"<p>Hola, me llamo Sunghwan Kim y soy un senior a la Universidad de Siracusa estudiando los negocios de deportes y espa\u00f1ol. Yo tomo la clase de SPA 439 porque quiero aplicar mi habilidad de hablar espa\u00f1ol para saber m\u00e1s de la comunidad y ayudar a la gente que necesita. Ya tom\u00e9 otras clases de SPA &hellip; <a href=\"https:\/\/mticioqu.expressions.syr.edu\/spanish439display\/sunghwan-kim\/\" class=\"more-link\">Continue reading <span class=\"screen-reader-text\">Sunghwan Kim<\/span> <span class=\"meta-nav\">&rarr;<\/span><\/a><\/p>\n","protected":false},"author":9,"featured_media":0,"parent":0,"menu_order":0,"comment_status":"open","ping_status":"open","template":"","meta":[],"_links":{"self":[{"href":"https:\/\/mticioqu.expressions.syr.edu\/spanish439display\/wp-json\/wp\/v2\/pages\/39"}],"collection":[{"href":"https:\/\/mticioqu.expressions.syr.edu\/spanish439display\/wp-json\/wp\/v2\/pages"}],"about":[{"href":"https:\/\/mticioqu.expressions.syr.edu\/spanish439display\/wp-json\/wp\/v2\/types\/page"}],"author":[{"embeddable":true,"href":"https:\/\/mticioqu.expressions.syr.edu\/spanish439display\/wp-json\/wp\/v2\/users\/9"}],"replies":[{"embeddable":true,"href":"https:\/\/mticioqu.expressions.syr.edu\/spanish439display\/wp-json\/wp\/v2\/comments?post=39"}],"version-history":[{"count":7,"href":"https:\/\/mticioqu.expressions.syr.edu\/spanish439display\/wp-json\/wp\/v2\/pages\/39\/revisions"}],"predecessor-version":[{"id":114,"href":"https:\/\/mticioqu.expressions.syr.edu\/spanish439display\/wp-json\/wp\/v2\/pages\/39\/revisions\/114"}],"wp:attachment":[{"href":"https:\/\/mticioqu.expressions.syr.edu\/spanish439display\/wp-json\/wp\/v2\/media?parent=39"}],"curies":[{"name":"wp","href":"https:\/\/api.w.org\/{rel}","templated":true}]}}