
{"id":5,"date":"2013-11-22T10:53:38","date_gmt":"2013-11-22T10:53:38","guid":{"rendered":"https:\/\/mticioqu.expressions.syr.edu\/spanish439display\/?page_id=5"},"modified":"2013-12-19T00:55:16","modified_gmt":"2013-12-19T00:55:16","slug":"emily","status":"publish","type":"page","link":"https:\/\/mticioqu.expressions.syr.edu\/spanish439display\/emily\/","title":{"rendered":"Emily"},"content":{"rendered":"<p>\u00a1Saludos!<\/p>\n<p>Soy Emily y estoy en mi \u00faltimo a\u00f1o en Syracuse University. Estudio psicolog\u00eda y espa\u00f1ol aunque me interesa much\u00edsimo estudiar derecho. Este semestre pasado trabaj\u00e9 en el departamento de la violencia dom\u00e9stica en La Liga. Ah\u00ed, junto a mi supervisora y otros empleados, organizamos un seminario llamado <em>Hobby 2 Cash<\/em>. Este seminario sirve de muleta para aquellas mujeres que han sido v\u00edctimas de la violencia dom\u00e9stica en la comunidad hispana de Syracuse y otros condados cercanos. A trav\u00e9s del seminario, intentamos lograr que las mujeres conviertan sus pasatiempos en peque\u00f1os negocios para no tan s\u00f3lo mantenerlas distra\u00eddas, pero tambi\u00e9n para ayudarlas a tener un poco m\u00e1s de ingreso. Adem\u00e1s de preparar el seminario, ayud\u00e9 a corregir y traducir documentos del espa\u00f1ol al ingl\u00e9s y vise versa. Fue una experiencia \u00fanica de la cual aprend\u00ed a trabajar directamente con la comunidad&#8211; una destreza que utilizar\u00e9 en todo tipo de trabajo que se me presente en el futuro. Llevar\u00e9 un pedacito de La Liga conmigo para siempre.<\/p>\n<p>En este enlace podr\u00e1n ver y entender un poco m\u00e1s lo que hice en el seminario:<br \/>\n<a href=\"https:\/\/mticioqu.expressions.syr.edu\/spanish439display\/wp-content\/uploads\/sites\/4\/2013\/12\/Hobby-2-Cash-2-1.pdf\">Hobby 2 Cash (2)-1<\/a><\/p>\n<p>Ac\u00e1 podr\u00e1n ver lo que hice a lo largo del semestre:<br \/>\n<a href=\"http:\/\/prezi.com\/vby8fjfhdxwm\/?utm_campaign=share&#038;utm_medium=copy\">La Liga<\/a><\/p>\n<p>Un poco de mis &#8220;blogs&#8221; y recapitulaci\u00f3n del semestre:<\/p>\n<p>&#8220;Al enterarme que iba a estar trabajando en el departamento de la violencia dom\u00e9stica en La Liga m\u00e1s de mil cosas corrieron por mi mente. Entre ellas surgieron las dudas sobre mi capacidad de poder ayudar a las mujeres. No sab\u00eda que tipo de servicio les podr\u00eda brindar ya que afortunadamente nunca he pasado por situaci\u00f3n similar. Tambi\u00e9n pens\u00e9 que las mujeres no iban a respetarme ya que s\u00f3lo soy una estudiante. Al parecer, muchas de las mujeres que buscan ayuda en La Liga viven en \u00e1reas de la comunidad menos afortunadas, y para ellas, una estudiante de Syracuse University significa mucho. El aire que ellas pensaban que yo llevaba era uno completamente distinto al que yo dir\u00eda que llevo.&#8221;<\/p>\n<p>&#8220;Luego de conocer a mi supervisora y coordinar lo que se esperaba de m\u00ed durante el semestre, ella me cont\u00f3 que el programa iba a ser un poco distinto este a\u00f1o. En vez de hacer manualidades y servir como l\u00edder de un grupo de apoyo, \u00edbamos a presentar un seminario constructivo para que las mujeres aprendan desarrollar peque\u00f1os negocios utilizando sus pasatiempos como base. De esta manera La Liga podr\u00e1 lograr que las mujeres se mantengan ocupadas durante el d\u00eda y que tengan una entrada nueva de dinero. Esto crea que las mujeres suban sus autoestima y a consecuencia esto facilitar\u00e1 a que puedan independizarse poco a poco de sus parejas abusivas. Esta idea me pareci\u00f3 genial y me emocion\u00e9 much\u00edsimo para comenzar el seminario. Sin embargo, el seminario no tuvo tanto \u00e9xito como se esperaba.&#8221;<\/p>\n<p>&#8220;Se puede decir que en un corto semestre trabajando en La Liga pas\u00e9 por muchas etapas que otras personas pasan cuando tienen internados: primero est\u00e1 la fascinaci\u00f3n de la compa\u00f1\u00eda, luego normalmente se critica lo que se hace con fines de mejorar con la idea de que podr\u00e1s cambiarlo, despu\u00e9s se pierde un poco la esperanza, r\u00e1pidamente luego est\u00e1 la aceptaci\u00f3n, enseguida la realizaci\u00f3n de lo que has hecho y finalmente la despedida.&#8221; <strong><\/strong><\/p>\n","protected":false},"excerpt":{"rendered":"<p>\u00a1Saludos! Soy Emily y estoy en mi \u00faltimo a\u00f1o en Syracuse University. Estudio psicolog\u00eda y espa\u00f1ol aunque me interesa much\u00edsimo estudiar derecho. Este semestre pasado trabaj\u00e9 en el departamento de la violencia dom\u00e9stica en La Liga. Ah\u00ed, junto a mi supervisora y otros empleados, organizamos un seminario llamado Hobby 2 Cash. Este seminario sirve de &hellip; <a href=\"https:\/\/mticioqu.expressions.syr.edu\/spanish439display\/emily\/\" class=\"more-link\">Continue reading <span class=\"screen-reader-text\">Emily<\/span> <span class=\"meta-nav\">&rarr;<\/span><\/a><\/p>\n","protected":false},"author":1,"featured_media":0,"parent":0,"menu_order":0,"comment_status":"open","ping_status":"open","template":"","meta":[],"_links":{"self":[{"href":"https:\/\/mticioqu.expressions.syr.edu\/spanish439display\/wp-json\/wp\/v2\/pages\/5"}],"collection":[{"href":"https:\/\/mticioqu.expressions.syr.edu\/spanish439display\/wp-json\/wp\/v2\/pages"}],"about":[{"href":"https:\/\/mticioqu.expressions.syr.edu\/spanish439display\/wp-json\/wp\/v2\/types\/page"}],"author":[{"embeddable":true,"href":"https:\/\/mticioqu.expressions.syr.edu\/spanish439display\/wp-json\/wp\/v2\/users\/1"}],"replies":[{"embeddable":true,"href":"https:\/\/mticioqu.expressions.syr.edu\/spanish439display\/wp-json\/wp\/v2\/comments?post=5"}],"version-history":[{"count":8,"href":"https:\/\/mticioqu.expressions.syr.edu\/spanish439display\/wp-json\/wp\/v2\/pages\/5\/revisions"}],"predecessor-version":[{"id":159,"href":"https:\/\/mticioqu.expressions.syr.edu\/spanish439display\/wp-json\/wp\/v2\/pages\/5\/revisions\/159"}],"wp:attachment":[{"href":"https:\/\/mticioqu.expressions.syr.edu\/spanish439display\/wp-json\/wp\/v2\/media?parent=5"}],"curies":[{"name":"wp","href":"https:\/\/api.w.org\/{rel}","templated":true}]}}